e
Does 39 divide 4314?
False
Is 2 a factor of 407?
False
Does 29 divide 41818?
True
Is 80 a factor of 4960?
True
Does 29 divide 27211?
False
Is 14364 a multiple of 9?
True
Does 7 divide 3722?
False
Does 12 divide 2016?
True
Does 102 divide 4686?
False
Is 19 a factor of 57715?
False
Is 5 a factor of 26345?
True
Is 777 a multiple of 38?
False
Is 4 a factor of 262?
False
Does 12 divide 10514?
False
Does 10 divide 1805?
False
Is 29 a factor of 7917?
True
Is 27 a multiple of 4?
False
Is 12961 a multiple of 12?
False
Is 30773 a multiple of 38?
False
Is 3 a factor of 1632?
True
Is 31187 a multiple of 192?
False
Is 150 a multiple of 30?
True
Does 24 divide 917?
False
Does 63 divide 1976?
False
Does 21 divide 1599?
False
Does 15 divide 20673?
False
Is 492 a multiple of 30?
False
Does 145 divide 4930?
True
Is 8 a factor of 637?
False
Does 105 divide 5097?
False
Is 25 a factor of 17594?
False
Is 28 a factor of 1036?
True
Does 19 divide 104404?
False
Is 5 a factor of 5285?
True
Does 16 divide 1400?
False
Is 5 a factor of 209?
False
Is 9 a factor of 4239?
True
Is 51 a factor of 31289?
False
Does 90 divide 15930?
True
Does 51 divide 663?
True
Does 32 divide 25927?
False
Is 9210 a multiple of 6?
True
Is 1143 a multiple of 42?
False
Is 63 a factor of 2713?
False
Is 41 a factor of 9102?
True
Is 34 a factor of 609?
False
Is 12 a factor of 288?
True
Does 56 divide 5056?
False
Does 7 divide 325?
False
Does 42 divide 4701?
False
Does 72 divide 22985?
False
Does 4 divide 10412?
True
Does 42 divide 710?
False
Does 6 divide 17507?
False
Is 96 a multiple of 16?
True
Does 7 divide 28238?
True
Does 39 divide 1911?
True
Does 25 divide 6498?
False
Is 6 a factor of 138?
True
Is 5664 a multiple of 48?
True
Does 78 divide 3674?
False
Is 124 a factor of 2373?
False
Does 14 divide 178?
False
Is 90 a multiple of 18?
True
Is 1188 a multiple of 38?
False
Is 26 a factor of 1170?
True
Is 1758 a multiple of 107?
False
Is 99 even?
False
Is 5040 a multiple of 120?
True
Does 31 divide 49403?
False
Does 175 divide 33853?
False
Is 50 a factor of 39750?
True
Does 160 divide 33717?
False
Does 39 divide 3577?
False
Is 14140 a multiple of 35?
True
Is 24 a factor of 1880?
False
Is 405 a multiple of 45?
True
Is 174 a multiple of 6?
True
Is 3 a factor of 7138?
False
Is 23 a factor of 1041?
False
Is 5 a factor of 556?
False
Is 5663 a multiple of 18?
False
Does 4 divide 1050?
False
Is 92 a multiple of 18?
False
Does 6 divide 19264?
False
Is 20 a factor of 4287?
False
Is 710 a multiple of 15?
False
Is 5290 a multiple of 162?
False
Is 6493 a multiple of 43?
True
Does 32 divide 64?
True
Does 33 divide 27555?
True
Does 35 divide 1329?
False
Does 64 divide 125120?
True
Does 9 divide 5364?
True
Is 9 a factor of 3938?
False
Is 41 a factor of 2596?
False
Is 30 a factor of 6150?
True
Does 17 divide 1564?
True
Is 10 a factor of 400?
True
Does 9 divide 1330?
False
Is 9 a factor of 29916?
True
Is 9 a factor of 1595?
False
Does 200 divide 48491?
False
Does 12 divide 3396?
True
Is 59 a factor of 13877?
False
Is 10 a factor of 39?
False
Is 27 even?
False
Does 58 divide 129?
False
Does 29 divide 58957?
True
Is 30 a factor of 14916?
False
Does 16 divide 1104?
True
Does 21 divide 1775?
False
Is 39 a factor of 5538?
True
Is 50 a factor of 2900?
True
Is 90 a factor of 3922?
False
Is 2460 a multiple of 22?
False
Is 6484 a multiple of 11?
False
Does 21 divide 189?
True
Is 10897 a multiple of 5?
False
Does 27 divide 21222?
True
Is 94 a factor of 1316?
True
Does 18 divide 3018?
False
Is 32039 a multiple of 18?
False
Is 1172 a multiple of 12?
False
Is 146 a multiple of 14?
False
Does 58 divide 1740?
True
Is 19 a factor of 2564?
False
Does 14 divide 98?
True
Does 52 divide 478?
False
Does 3 divide 2389?
False
Is 621 a multiple of 9?
True
Is 75 a factor of 490?
False
Does 4 divide 584?
True
Is 2 a factor of 265?
False
Does 5 divide 8564?
False
Is 2005 a multiple of 47?
False
Is 18728 a multiple of 8?
True
Is 69 a factor of 3381?
True
Does 5 divide 101?
False
Does 20 divide 30820?
True
Does 23 divide 3151?
True
Does 141 divide 20451?
False
Is 36 a factor of 1575?
False
Is 33 a multiple of 5?
False
Is 21 a factor of 7394?
False
Is 66996 a multiple of 18?
True
Is 1362 a multiple of 4?
False
Is 22759 a multiple of 54?
False
Does 9 divide 3786?
False
Is 2346 a multiple of 17?
True
Is 16926 a multiple of 21?
True
Is 2346 a multiple of 23?
True
Does 49 divide 12966?
False
Does 6 divide 40755?
False
Does 24 divide 134194?
False
Is 4 a factor of 2936?
True
Is 13 a factor of 10387?
True
Is 2786 a multiple of 74?
False
Is 65506 a multiple of 14?
True
Is 17800 a multiple of 10?
True
Is 1540 a multiple of 11?
True
Does 153 divide 47063?
False
Is 10815 a multiple of 105?
True
Is 1301 a multiple of 9?
False
Is 6 a factor of 72769?
False
Does 17 divide 3175?
False
Is 9 a factor of 376?
False
Does 14 divide 3822?
True
Is 187 a factor of 7106?
True
Does 15 divide 812?
False
Is 12870 a multiple of 30?
True
Is 3572 a multiple of 13?
False
Is 719 a multiple of 16?
False
Does 20 divide 380?
True
Is 613 a multiple of 53?
False
Is 55 a factor of 35998?
False
Is 27342 a multiple of 126?
True
Is 13 a factor of 846?
False
Is 1940 a multiple of 10?
True
Is 22 a factor of 220?
True
Does 29 divide 1450?
True
Does 21 divide 1806?
True
Is 10830 a multiple of 83?
False
Does 76 divide 912?
True
Is 25 a factor of 26300?
True
Is 25 a factor of 5664?
False
Is 311 a multiple of 11?
False
Is 21 a factor of 34965?
True
Is 10 a factor of 27567?
False
Is 9 a factor of 1394?
False
Does 175 divide 2800?
True
Is 405 a multiple of 45?
True
Is 26538 a multiple of 280?
False
Does 38 divide 9044?
True
Does 4 divide 564?
True
Is 21 a factor of 294?
True
Does 15 divide 330?
True
Is 17 a factor of 20553?
True
Does 7 divide 11167?
False
Is 2409 a multiple of 11?
True
Is 400 a multiple of 50?
True
Does 67 divide 4867?
False
Is 84 even?
True
Does 20 divide 4613?
False
Is 233 a multiple of 2?
False
Does 16 divide 2149?
False
Does 3 divide 940?
False
Is 12 a factor of 14688?
True
Is 211 a factor of 6943?
False
Does 254 divide 16510?
True
Does 30 divide 3510?
True
Is 45 a factor of 3825?
True
Does 11 divide 253?
True
Does 2 divide 198?
True
Is 17 a factor of 492?
False
Does 55 divide 20849?
False
Is 10832 a multiple of 27?
False
Does 5 divide 396?
False
Is 1224 a multiple of 102?
True
Is 16 a factor of 6180?
False
Is 8 a factor of 39?
False
Does 96 divide 4896?
True
Is 28249 a multiple of 53?
True
Does 126 divide 50526?
True
Does 3 divide 1260?
True
Does 39 divide 6591?
True
Is 3193 a multiple of 31?
True
Is 75 a factor of 17103?
False
Is 11 a factor of 1232?
True
Is 21435 a multiple of 55?
False
Is 2745 a multiple of 27?
False
Is 864 a multiple of 48?
True
Does 17 divide 8789?
True
Is 13199 a multiple of 105?
False
Does 10 divide 6190?
True
Is 531 a multiple of 18?
False
Is 42 a factor of 3674?
False
Is 23591 a multiple of 72?
False
Does 29 divide 26010?
False
Does 150 divide 49255?
False
Is 924 a multiple of 22?
True
Is 10484 a multiple of 9?
False
Is 5 a factor of 160?
True
Is 4 a factor of 680?
True
Is 1962 a multiple of 6?
True
Does 6 divide 163?
False
Does 4 divide 1629?
False
Does 28 divide 308?
True
Is 22 a factor of 2560?
False
Is 1704 a multiple of 13?
False
Is 2843 a multiple of 112?
False
Does 5 divide 747?
False
Does 40 divide 57360?
True
Is 10762 a multiple of 160?
False
Is 21 a factor of 30471?
True
Does 15 divide 181581?
False
Is 44 a factor of 6908?
True
Is 58 a factor of 111969?
False
Does 29 divide 4002?
True
Is 3 a factor of 2007?
True
Is 9 a factor of 7345?
False
Is 2968 a multiple of 14?
True
Does 18 divide 1620?
True
Is 2 a factor of 14?
True
Is 13 a factor of 3848?
True
Does 37 divide 3552?
True
Is 456 a multiple of 38?
True
Does 36 divide 2428?
False
Is 16 a factor of 1232?
True
Is 19986 a multiple of 19?
False
Does 73 divide 10742?
False
Does 25 divide 16725?
True
Is 621 a multiple of 27?
True
Does 26 divide 22725?
False
Is 18720 a multiple of 45?
True
Does 23 divide 16824?
False
Does 6 divide 240?
True
Is 2455 a multiple of 27?
False
Is 326 a multiple of 10?
False
Is 103 a factor of 1854?
True
Is 128 a factor of 12291?
False
Is 121 a factor of 20449?
True
Is 29 a factor of 4959?
True
Is 19536 a multiple of 7?
False
Is 3784 a multiple of 43?
True
Is